n factor of x and 26?
13
Suppose -100 = -18*w + 13*w. Suppose -1 = -4*y + 7. Suppose -b + o + 7 = 0, -2*b = y*o - 13 - 5. What is the highest common factor of w and b?
4
Let x be (-2 + 1)/(-2)*8. Let n be x/14 - (-262)/14. Let k = n + -6. What is the greatest common factor of k and 26?
13
Let p be (-12)/36*-261 - (-8 - -2). Calculate the greatest common factor of p and 155.
31
Let l(s) = -s. Let m be l(-3). Suppose 0*k + m*k = z + 559, 4*k + 4*z - 756 = 0. What is the highest common factor of 17 and k?
17
Suppose -6*v + 2*q = -4*v - 24, -2*q + 46 = 5*v. Let f be (73/1)/(0 - -1). Suppose 47 = 3*b - f. What is the greatest common divisor of v and b?
10
Let x(k) = -k**3 + 29*k**2 - 2*k - 36. Let m be x(28). Calculate the highest common divisor of 8 and m.
4
Suppose n - 5 - 3 = 0. What is the highest common factor of n and 184?
8
Suppose 2*d + 2*t = 22, 2*d + 2*t - 55 = -3*d. Suppose d = 2*j - 35. What is the greatest common divisor of 69 and j?
23
Let x = -89 + 145. What is the highest common divisor of 70 and x?
14
Let h = 4 - 1. Suppose 4*g = h*g + 3, 2*o = 2*g + 36. Suppose 0 = -44*y + 53*y - 1890. Calculate the highest common divisor of o and y.
21
Let b = -61 + 161. Suppose 0 = -5*d - 5*x - 80, 5*d - 5*x = d - b. Let t be (-206)/(-10) - 8/d. Calculate the highest common divisor of t and 168.
21
Suppose 190 - 40 = 4*f + 3*w, 5*f - 172 = 4*w. Let m be (-2 + -6)/((-2)/(-6) - 1). Calculate the greatest common divisor of m and f.
12
Let y be (-10)/44*-184 + 28/154. Calculate the highest common divisor of 462 and y.
42
Let h(m) = -m**3 - 4*m**2 - m + 3. Suppose 5*x - 35 = 3*s, 2*x + 3*x = -5*s - 5. Let c be h(s). What is the greatest common factor of 22 and c?
11
Let g be (36 + -74)*16/(-4). Suppose 38 = -x + 3*x. Calculate the highest common factor of g and x.
19
Suppose 3*g - 153 = -z, 3*z - 147 = -3*g - 0*g. Let j = g + -16. Suppose 80*f = 86*f - 24. Calculate the greatest common divisor of f and j.
4
Suppose 22 = 3*q - q. Suppose 24*l = 29*l - 35. Let w be (l/21)/((-1)/(-3)). Calculate the greatest common divisor of q and w.
1
Let r(i) be the third derivative of -i**4/24 + 7*i**3/6 - 7*i**2. Let c be r(5). Suppose p - 5 = c. What is the highest common factor of p and 21?
7
Let r(k) = k**2 - 27*k - 78. Let d be r(30). What is the greatest common factor of 9 and d?
3
Suppose -c - 2 - 13 = 5*t, 3*c + 11 = 2*t. Let z(p) = -13*p - 1 - 5 + 3*p. Let l be z(c). Calculate the greatest common factor of 11 and l.
11
Let b = -407 - -497. Calculate the greatest common factor of b and 36.
18
Suppose 3*f - 62 = 3*x - x, 0 = f - 3*x - 30. What is the greatest common divisor of 24 and f?
6
Suppose 69 + 102 = 5*p + 4*r, r + 106 = 3*p. What is the highest common divisor of 490 and p?
35
Let p = 48 + -51. Let d be (-2)/(-3) + (-31)/p. Let w(o) = 4*o**2 + 2*o - 2. Let x be w(-5). Calculate the greatest common factor of d and x.
11
Let p be -8*(16 - 1630/80). Let m be (770/8)/((-1)/(-4)). What is the highest common factor of p and m?
35
Suppose -8*a + a + 189 = 0. Let h(f) = f**3 + 4*f**2 - 4*f - 6. Let g be h(-4). Let l = g + -1. What is the highest common factor of l and a?
9
Let k = 49 + -47. Let x = k - -2. Calculate the highest common factor of x and 28.
4
Suppose 2*b - 1 = z, -b + z - 3 + 1 = 0. Suppose -3*k + b*p = -5*k + 48, 0 = -3*p. Let g be ((-12)/10)/(6/(-40)). What is the greatest common factor of k and g?
8
Suppose 8 = -4*u, 4*k - 351 + 59 = -4*u. Calculate the greatest common factor of 10 and k.
5
Let p(z) = 13*z**2 - 99*z - 349. Let m be p(11). Let k(f) = -f + 15. Let q be k(0). Calculate the highest common divisor of q and m.
15
Let b(d) = 118*d - 312. Let y be b(3). Suppose w = -7 + 28. Calculate the highest common factor of y and w.
21
Suppose -5*s - 9 - 6 = 0, -5*g - 40 = 5*s. Let n be 1/(((-20)/12)/g). Suppose -11 + n = -4*x. What is the highest common divisor of 3 and x?
1
Let q(w) = w + 6. Let k be (12/(-8))/(6/(-8)) + -2. Let g be q(k). What is the greatest common divisor of 48 and g?
6
Let b be 12/(-3) - ((-8 - -4) + -10). What is the highest common factor of b and 15?
5
Suppose 12 + 308 = 5*u. What is the highest common factor of u and 2?
2
Let z(r) = r**3 - 7*r**2. Let w be z(7). Suppose w = 3*s + 5*s - 912. Calculate the highest common divisor of s and 38.
38
Suppose -2*h = d - 352 - 267, 3*h = -5*d + 939. What is the greatest common factor of 28 and h?
28
Let u be ((-729)/(-648))/(((-1)/(-8))/1). Calculate the greatest common divisor of 252 and u.
9
Let a be (432/(-120))/((-66)/20 - -3). What is the highest common factor of a and 36?
12
Suppose -21*w + 9*w + 108 = 0. Let d = 17 - 16. Calculate the highest common divisor of d and w.
1
Let t(k) = -k**3 - 6*k**2 - 9*k - 6. Let g be t(-6). Suppose 0 = 3*j + 4*z - 31, -4*j + g = 3*z + z. Calculate the greatest common divisor of 34 and j.
17
Let f(j) = j + 11. Let g be f(-7). Let x be (5 + (-22)/g)/((-2)/184). Calculate the greatest common factor of 23 and x.
23
Let u(x) = 16*x**2 + x - 2. Let c be u(-2). Let t(g) = 11*g - 42. Let w be t(18). Suppose -8*h - 5*h + w = 0. What is the greatest common divisor of h and c?
12
Suppose -4*c = 5*s - 0*s - 35, -4*s = 4*c - 32. Let t = c - 5. Suppose t = 5*k - 6*k + 11. Calculate the highest common factor of k and 11.
11
Let d(m) = 137*m**2 - 16*m + 18. Let w be d(4). What is the greatest common divisor of 58 and w?
58
Let o be 1*-8*462/(-42). Calculate the greatest common factor of 99 and o.
11
Let c = 7 + -8. Let n(h) = -81*h - 1. Let r be n(c). Let g = r + -52. What is the greatest common divisor of g and 140?
28
Suppose -5*a + 4*a + 2 = 0. Let x be (2 - a)/(-3) - -3. Suppose -5*c + 107 = 2*w, 68 = 3*c + x*w + 2*w. Calculate the greatest common factor of 14 and c.
7
Let l be (6/5)/((-6)/(-20)). Let r be (12/15)/(l/40). Calculate the highest common divisor of 32 and r.
8
Suppose -2*b - b = -3. Suppose -5 = -g - b. Suppose 0 = -5*t - 3*f + 36, t - 2 - g = -f. Calculate the highest common divisor of 99 and t.
9
Suppose 0 = 4*q - 5*f - 24, -q = q - 4*f - 12. Let l(m) = m + 59. Let z be l(0). Let n = -29 + z. What is the greatest common factor of q and n?
6
Let q(x) = x + 32. Let o be q(-13). Let m be -16 + o + ((-1)/1 - -37). Calculate the greatest common factor of 39 and m.
39
Suppose -372 = -18*t + 42. Calculate the highest common divisor of t and 115.
23
Suppose -3*h = 2*h + 5*p - 205, 3*p + 6 = 0. Suppose 0*a - 5*a + 162 = 4*i, 3*i + 5*a = 119. What is the highest common factor of h and i?
43
Suppose -4*b + 11 = -13. Let u(s) = 2*s**3 + 15*s**2 + 4*s - 6. Let t be u(-7). What is the highest common factor of b and t?
3
Let h = -353 - -354. What is the highest common divisor of h and 9?
1
Let j be ((-2)/4)/(164/(-32) - -5). Suppose -j*d = 16, 243 - 973 = -3*p + d. Calculate the greatest common factor of 22 and p.
22
Let z(n) = -n + 6. Let q be z(3). Suppose 44 = -2*v + q*v. Calculate the highest common factor of 11 and v.
11
Suppose -1979*t - 1121 = -1980*t. What is the greatest common divisor of t and 59?
59
Suppose -l - 24 = -v, 14*l - 11*l = -2*v + 63. What is the highest common divisor of 57 and v?
3
Let g(p) = -18*p - 31. Suppose t - 3*o + 12 = 3, 2*o - 26 = 4*t. Let i be g(t). What is the greatest common divisor of i and 11?
11
Let d be 13984/192 + (-1)/(-6). What is the highest common factor of 146 and d?
73
Suppose 6 = 4*s - 6. Suppose z - 2 = 0, -2*x + 5*z = s*x - 95. Calculate the greatest common divisor of 105 and x.
21
Suppose -5*l + 5*y + 30 = 0, 4*l - 5*l - 3*y - 2 = 0. Suppose -l*j - 27 = -7*j. Calculate the greatest common factor of j and 9.
9
Suppose 4*b - 15 = b. Suppose 2*v + 3*q - 11 = 0, -4*q + 9 + 8 = b*v. Calculate the highest common divisor of 3 and v.
1
Suppose -30 = -a - 4*a. Suppose -2*h + a = -10. Let y be 46/4 + h/16. Calculate the greatest common divisor of 8 and y.
4
Let i(m) = -22*m - 69. Let h be i(-6). Let x(o) = o**3 - 6*o**2 - 7*o + 3. Let k be x(6). Let d = k + h. What is the greatest common divisor of d and 72?
24
Let t(f) be the second derivative of 0 - 1/20*f**5 - 5/2*f**2 - 5*f - 1/2*f**3 - 1/3*f**4. Let j be t(-5). Calculate the highest common divisor of j and 7.
7
Suppose 0 = -5*p - 5*i, -5*p - 12 = -i + 2*i. Let s be 27/(-6)*(-3 + (-5)/p). What is the highest common factor of s and 30?
6
Let u be 4/(-6) 